{"id":79,"date":"2023-08-12T12:22:43","date_gmt":"2023-08-12T17:22:43","guid":{"rendered":"https:\/\/experienciasoutdoor.com.mx\/?page_id=79"},"modified":"2023-12-07T21:01:07","modified_gmt":"2023-12-08T03:01:07","slug":"sillas-para-camping-para-ti","status":"publish","type":"page","link":"https:\/\/experienciasoutdoor.com.mx\/index.php\/sillas-para-camping-para-ti\/","title":{"rendered":"Art\u00edculos para acampar"},"content":{"rendered":"\n<div class=\"wp-block-columns is-layout-flex wp-container-core-columns-is-layout-28f84493 wp-block-columns-is-layout-flex\">\n<div class=\"wp-block-column is-layout-flow wp-block-column-is-layout-flow\">\n<figure class=\"wp-block-image size-large is-resized\"><a href=\"https:\/\/amzn.to\/3E8Wv3V\" target=\"_blank\" rel=\"noopener\"><img loading=\"lazy\" decoding=\"async\" src=\"https:\/\/experienciasoutdoor.com.mx\/wp-content\/uploads\/2023\/08\/EQUIPO-DE-SUPERVIVENCIA-1024x1007.jpg\" alt=\"\" class=\"wp-image-272\" style=\"width:193px;height:190px\" width=\"193\" height=\"190\" srcset=\"https:\/\/experienciasoutdoor.com.mx\/wp-content\/uploads\/2023\/08\/EQUIPO-DE-SUPERVIVENCIA-1024x1007.jpg 1024w, https:\/\/experienciasoutdoor.com.mx\/wp-content\/uploads\/2023\/08\/EQUIPO-DE-SUPERVIVENCIA-300x295.jpg 300w, https:\/\/experienciasoutdoor.com.mx\/wp-content\/uploads\/2023\/08\/EQUIPO-DE-SUPERVIVENCIA-768x755.jpg 768w, https:\/\/experienciasoutdoor.com.mx\/wp-content\/uploads\/2023\/08\/EQUIPO-DE-SUPERVIVENCIA.jpg 1172w\" sizes=\"auto, (max-width: 193px) 100vw, 193px\" \/><\/a><\/figure>\n\n\n\n<p class=\"has-text-align-center\"><strong>DQST KIT DE SUP<\/strong><strong>ERVIVENCIA<\/strong><\/p>\n\n\n\n<p>El kit de supervivencia DQST es una excelente opci\u00f3n para aquellos que buscan prepararse para situaciones de emergencia al aire libre y necesitan protecci\u00f3n personal.<\/p>\n\n\n\n<p>Este kit cuenta con una variedad de herramientas y equipos que pueden ser \u00fatiles en situaciones de supervivencia, como camping, senderismo o incluso en caso de desastres naturales. Incluye elementos b\u00e1sicos como una br\u00fajula, un silbato de emergencia, una manta t\u00e9rmica y una linterna, elementos de protecci\u00f3n personal, guantes de nitrilo, una navaja multiusos que puede ser utilizada para varias tareas, desde cortar cuerda hasta preparar alimentos. Tambi\u00e9n se incluye un kit de primeros auxilios b\u00e1sico, con vendas,<\/p>\n\n\n\n<p>antis\u00e9ptico y ap\u00f3sitos, por lo que puedes ocuparte de peque\u00f1as lesiones mientras esperas ayuda m\u00e9dica y much\u00edsimos art\u00edculos mas.<\/p>\n\n\n\n<div class=\"wp-block-buttons is-layout-flex wp-block-buttons-is-layout-flex\">\n<div class=\"wp-block-button\"><a class=\"wp-block-button__link wp-element-button\" href=\"https:\/\/amzn.to\/3E8Wv3V\" target=\"_blank\" rel=\"noopener\">Ver producto<\/a><\/div>\n<\/div>\n<\/div>\n\n\n\n<div class=\"wp-block-column is-layout-flow wp-block-column-is-layout-flow\">\n<figure class=\"wp-block-image size-large\"><a href=\"https:\/\/amzn.to\/3E7FjMa\" target=\"_blank\" rel=\"noopener\"><img loading=\"lazy\" decoding=\"async\" width=\"1024\" height=\"943\" src=\"https:\/\/experienciasoutdoor.com.mx\/wp-content\/uploads\/2023\/08\/NAVAJA-VICTORINOX-1024x943.jpg\" alt=\"\" class=\"wp-image-275\" srcset=\"https:\/\/experienciasoutdoor.com.mx\/wp-content\/uploads\/2023\/08\/NAVAJA-VICTORINOX-1024x943.jpg 1024w, https:\/\/experienciasoutdoor.com.mx\/wp-content\/uploads\/2023\/08\/NAVAJA-VICTORINOX-300x276.jpg 300w, https:\/\/experienciasoutdoor.com.mx\/wp-content\/uploads\/2023\/08\/NAVAJA-VICTORINOX-768x708.jpg 768w, https:\/\/experienciasoutdoor.com.mx\/wp-content\/uploads\/2023\/08\/NAVAJA-VICTORINOX.jpg 1500w\" sizes=\"auto, (max-width: 1024px) 100vw, 1024px\" \/><\/a><\/figure>\n\n\n\n<p class=\"has-text-align-center\"><strong>VICTORINOX NAVAJA HUNTSMAN<\/strong> <\/p>\n\n\n\n<p>La Victorinox Navaja Huntsman Roja es una herramienta multifuncional que impresionar\u00e1 a cualquier hombre. Con 15 usos diferentes, esta navaja es un verdadero todoterreno. Cuenta con una hoja grande y otra peque\u00f1a, ideales para cortar cualquier tipo de material. Adem\u00e1s, tiene un sacacorchos, abrelatas y destornillador, tien pinza, que resulta muy pr\u00e1ctica para quitar astillas o alfileres. Adem\u00e1s, cuenta con un sacapuntas para l\u00e1pices, lo que la hace perfecta para estudiantes o profesionales que necesitan afilar sus utensilios de escritura en cualquier momento, lo que la convierte en la herramienta perfecta para cualquier acampada o excursi\u00f3n.<\/p>\n\n\n\n<p>Fabricada con acero inoxidable, su durabilidad est\u00e1 garantizada. Adem\u00e1s, cuenta con una garant\u00eda de por vida por parte del fabricante, lo que demuestra la confianza que tienen en su producto.<\/p>\n\n\n\n<div class=\"wp-block-buttons is-layout-flex wp-block-buttons-is-layout-flex\">\n<div class=\"wp-block-button\"><a class=\"wp-block-button__link wp-element-button\" href=\"https:\/\/amzn.to\/3E7FjMa\" target=\"_blank\" rel=\"noopener\">Ver producto<\/a><\/div>\n<\/div>\n<\/div>\n\n\n\n<div class=\"wp-block-column is-layout-flow wp-block-column-is-layout-flow\">\n<figure class=\"wp-block-image size-large\"><a href=\"https:\/\/amzn.to\/3KRABpu\" target=\"_blank\" rel=\"noopener\"><img loading=\"lazy\" decoding=\"async\" width=\"1024\" height=\"970\" src=\"https:\/\/experienciasoutdoor.com.mx\/wp-content\/uploads\/2023\/08\/TETERA-PORTATIL-1.6-LT-1024x970.jpg\" alt=\"\" class=\"wp-image-279\" srcset=\"https:\/\/experienciasoutdoor.com.mx\/wp-content\/uploads\/2023\/08\/TETERA-PORTATIL-1.6-LT-1024x970.jpg 1024w, https:\/\/experienciasoutdoor.com.mx\/wp-content\/uploads\/2023\/08\/TETERA-PORTATIL-1.6-LT-300x284.jpg 300w, https:\/\/experienciasoutdoor.com.mx\/wp-content\/uploads\/2023\/08\/TETERA-PORTATIL-1.6-LT-768x728.jpg 768w, https:\/\/experienciasoutdoor.com.mx\/wp-content\/uploads\/2023\/08\/TETERA-PORTATIL-1.6-LT.jpg 1290w\" sizes=\"auto, (max-width: 1024px) 100vw, 1024px\" \/><\/a><\/figure>\n\n\n\n<p class=\"has-text-align-center\"><strong>TETERA PORTATIL 1.6 Lts<\/strong> <strong>con taza<\/strong><\/p>\n\n\n\n<p>La tetera port\u00e1til de 1,6 litros ultraligera para camping al aire libre con una taza de caf\u00e9 de 0,3 litros con doble asa es un equipo esencial para aquellos que disfrutan de actividades al aire libre como el camping. Con un dise\u00f1o compacto y ligero. Con tan solo 400 gramos de peso, esta tetera es f\u00e1cil de transportar y no ocupar\u00e1 mucho espacio en tu mochila.<\/p>\n\n\n\n<p>La capacidad es perfecta para preparar una buena cantidad de t\u00e9 o caf\u00e9 para compartir con amigos o familiares. Adem\u00e1s, la inclusi\u00f3n de una taza de 0,3 litros con doble asa es muy conveniente, ya que puedes disfrutar de tu bebida sin necesidad de utilizar vasos adicionales.<\/p>\n\n\n\n<p>La tetera ha sido fabricada con materiales de alta calidad que garantizan su durabilidad y resistencia a altas temperaturas, con asa antideslizante facilita su manejo y evita cualquier accidente.<\/p>\n\n\n\n<div class=\"wp-block-buttons is-layout-flex wp-block-buttons-is-layout-flex\">\n<div class=\"wp-block-button\"><a class=\"wp-block-button__link wp-element-button\" href=\"https:\/\/amzn.to\/3KRABpu\" target=\"_blank\" rel=\"noopener\">Ver producto<\/a><\/div>\n<\/div>\n<\/div>\n<\/div>\n\n\n\n<div class=\"wp-block-columns is-layout-flex wp-container-core-columns-is-layout-28f84493 wp-block-columns-is-layout-flex\">\n<div class=\"wp-block-column is-layout-flow wp-block-column-is-layout-flow\">\n<figure class=\"wp-block-image size-large\"><a href=\"https:\/\/amzn.to\/3qCfXD7\" target=\"_blank\" rel=\"noopener\"><img loading=\"lazy\" decoding=\"async\" width=\"993\" height=\"1024\" src=\"https:\/\/experienciasoutdoor.com.mx\/wp-content\/uploads\/2023\/08\/VENTILADOR-DE-CAMPING-CON-LUZ-993x1024.jpg\" alt=\"\" class=\"wp-image-283\" srcset=\"https:\/\/experienciasoutdoor.com.mx\/wp-content\/uploads\/2023\/08\/VENTILADOR-DE-CAMPING-CON-LUZ-993x1024.jpg 993w, https:\/\/experienciasoutdoor.com.mx\/wp-content\/uploads\/2023\/08\/VENTILADOR-DE-CAMPING-CON-LUZ-291x300.jpg 291w, https:\/\/experienciasoutdoor.com.mx\/wp-content\/uploads\/2023\/08\/VENTILADOR-DE-CAMPING-CON-LUZ-768x792.jpg 768w, https:\/\/experienciasoutdoor.com.mx\/wp-content\/uploads\/2023\/08\/VENTILADOR-DE-CAMPING-CON-LUZ.jpg 1448w\" sizes=\"auto, (max-width: 993px) 100vw, 993px\" \/><\/a><\/figure>\n\n\n\n<p class=\"has-text-align-center\"><strong>VENTILADOR DE CAMPING 3 EN 1<\/strong><\/p>\n\n\n\n<p>Estos ventiladores, adem\u00e1s de proporcionar una brisa refrescante, tambi\u00e9n vienen equipados con una linterna incorporada, lo que los hace perfectos para iluminar tu tienda de campa\u00f1a durante la noche. Son compactos y ligeros, lo que los hace f\u00e1ciles de transportar y almacenar. Adem\u00e1s, vienen con un asa de transporte conveniente que facilita a\u00fan m\u00e1s su manejo.<\/p>\n\n\n\n<p>Adem\u00e1s, vienen con una bater\u00eda recargable incorporada, por lo que no es necesario preocuparse por tener una fuente de energ\u00eda cerca para usarlos.<\/p>\n\n\n\n<p>La luz LED incorporada es lo suficientemente brillante como para iluminar tu espacio y ofrecer una mayor comodidad y seguridad en la oscuridad, especialmente si necesitas buscar algo dentro de tu tienda de campa\u00f1a durante la noche. Adem\u00e1s funcionan de power bank para tus dispositivos moviles<\/p>\n\n\n\n<div class=\"wp-block-buttons is-layout-flex wp-block-buttons-is-layout-flex\">\n<div class=\"wp-block-button\"><a class=\"wp-block-button__link wp-element-button\" href=\"https:\/\/amzn.to\/3qCfXD7\" target=\"_blank\" rel=\"noopener\">Ver producto<\/a><\/div>\n<\/div>\n<\/div>\n\n\n\n<div class=\"wp-block-column is-layout-flow wp-block-column-is-layout-flow\">\n<figure class=\"wp-block-image size-large\"><a href=\"https:\/\/amzn.to\/3qLVbAO\" target=\"_blank\" rel=\"noopener\"><img loading=\"lazy\" decoding=\"async\" width=\"961\" height=\"1024\" src=\"https:\/\/experienciasoutdoor.com.mx\/wp-content\/uploads\/2023\/08\/SILLAS-PLEGABLES-CAMPING-961x1024.jpg\" alt=\"\" class=\"wp-image-307\" srcset=\"https:\/\/experienciasoutdoor.com.mx\/wp-content\/uploads\/2023\/08\/SILLAS-PLEGABLES-CAMPING-961x1024.jpg 961w, https:\/\/experienciasoutdoor.com.mx\/wp-content\/uploads\/2023\/08\/SILLAS-PLEGABLES-CAMPING-281x300.jpg 281w, https:\/\/experienciasoutdoor.com.mx\/wp-content\/uploads\/2023\/08\/SILLAS-PLEGABLES-CAMPING-768x819.jpg 768w, https:\/\/experienciasoutdoor.com.mx\/wp-content\/uploads\/2023\/08\/SILLAS-PLEGABLES-CAMPING.jpg 1407w\" sizes=\"auto, (max-width: 961px) 100vw, 961px\" \/><\/a><\/figure>\n\n\n\n<p class=\"has-text-align-center\"><strong>SILLAS PLEGABLES CAMPING<\/strong><\/p>\n\n\n\n<p>Juego de &nbsp;dos sillas plegables para camping, jard\u00edn, playa o pesca port\u00e1tiles y ultraligeras de lona impermeable en color gris son una excelente opci\u00f3n para llevar a cualquier aventura al aire libre, destacan por su practicidad y comodidad. Pueden plegarse f\u00e1cilmente, lo que las hace muy f\u00e1ciles de transportar y almacenar. Adem\u00e1s, son muy ligeras, lo que las convierte en la opci\u00f3n perfecta para llevarlas contigo a cualquier lugar.<\/p>\n\n\n\n<p>La lona impermeable con la que est\u00e1n fabricadas es de alta calidad y resistente, lo que asegura que estar\u00e1n protegidas de cualquier tipo de humedad o clima adverso. Esto es especialmente \u00fatil si las vas a utilizar en la playa o durante actividades acu\u00e1ticas.<\/p>\n\n\n\n<p>En cuanto a la comodidad, estas sillas cuentan con un dise\u00f1o ergon\u00f3mico que se adapta perfectamente al cuerpo. Cuentan con un respaldo inclinado y un asiento amplio, lo que garantiza una experiencia de sentado c\u00f3moda y relajante. Son capaces de soportar hasta 100 kg de peso, por lo que son adecuadas para personas de diferentes estaturas y tama\u00f1os.<\/p>\n\n\n\n<div class=\"wp-block-buttons is-layout-flex wp-block-buttons-is-layout-flex\">\n<div class=\"wp-block-button\"><a class=\"wp-block-button__link wp-element-button\" href=\"https:\/\/amzn.to\/3qLVbAO\" target=\"_blank\" rel=\"noopener\">Ver producto<\/a><\/div>\n<\/div>\n<\/div>\n\n\n\n<div class=\"wp-block-column is-layout-flow wp-block-column-is-layout-flow\"><\/div>\n<\/div>\n","protected":false},"excerpt":{"rendered":"<p>DQST KIT DE SUPERVIVENCIA El kit de supervivencia DQST es una excelente opci\u00f3n para aquellos que buscan prepararse para situaciones de emergencia al aire libre y necesitan protecci\u00f3n personal. Este kit cuenta con una variedad de herramientas y equipos que pueden ser \u00fatiles en situaciones de supervivencia, como camping, senderismo o incluso en caso de &hellip;<\/p>\n<p class=\"read-more\"> <a class=\"\" href=\"https:\/\/experienciasoutdoor.com.mx\/index.php\/sillas-para-camping-para-ti\/\"> <span class=\"screen-reader-text\">Art\u00edculos para acampar<\/span> Leer m\u00e1s &raquo;<\/a><\/p>\n","protected":false},"author":1,"featured_media":0,"parent":0,"menu_order":0,"comment_status":"closed","ping_status":"closed","template":"","meta":{"site-sidebar-layout":"default","site-content-layout":"default","ast-global-header-display":"","ast-banner-title-visibility":"","ast-main-header-display":"","ast-hfb-above-header-display":"","ast-hfb-below-header-display":"","ast-hfb-mobile-header-display":"","site-post-title":"","ast-breadcrumbs-content":"","ast-featured-img":"","footer-sml-layout":"","theme-transparent-header-meta":"","adv-header-id-meta":"","stick-header-meta":"","header-above-stick-meta":"","header-main-stick-meta":"","header-below-stick-meta":"","_joinchat":[],"footnotes":""},"class_list":["post-79","page","type-page","status-publish","hentry"],"_links":{"self":[{"href":"https:\/\/experienciasoutdoor.com.mx\/index.php\/wp-json\/wp\/v2\/pages\/79","targetHints":{"allow":["GET"]}}],"collection":[{"href":"https:\/\/experienciasoutdoor.com.mx\/index.php\/wp-json\/wp\/v2\/pages"}],"about":[{"href":"https:\/\/experienciasoutdoor.com.mx\/index.php\/wp-json\/wp\/v2\/types\/page"}],"author":[{"embeddable":true,"href":"https:\/\/experienciasoutdoor.com.mx\/index.php\/wp-json\/wp\/v2\/users\/1"}],"replies":[{"embeddable":true,"href":"https:\/\/experienciasoutdoor.com.mx\/index.php\/wp-json\/wp\/v2\/comments?post=79"}],"version-history":[{"count":26,"href":"https:\/\/experienciasoutdoor.com.mx\/index.php\/wp-json\/wp\/v2\/pages\/79\/revisions"}],"predecessor-version":[{"id":557,"href":"https:\/\/experienciasoutdoor.com.mx\/index.php\/wp-json\/wp\/v2\/pages\/79\/revisions\/557"}],"wp:attachment":[{"href":"https:\/\/experienciasoutdoor.com.mx\/index.php\/wp-json\/wp\/v2\/media?parent=79"}],"curies":[{"name":"wp","href":"https:\/\/api.w.org\/{rel}","templated":true}]}}